ctor of 30 and q?
6
Suppose -64*u + 50*u + 1694 = 0. What is the greatest common divisor of u and 11?
11
Suppose 4*c + 3*u - 1976 = 0, -66*c + 64*c = -3*u - 1006. What is the highest common divisor of 284 and c?
71
Let v(w) = -2 - 31*w - 3 + 7*w - 3. Let i be v(-5). Suppose -7 = -a + 9. What is the greatest common factor of a and i?
16
Let x = -430 - -467. Calculate the highest common divisor of x and 1813.
37
Let l = 7 - -1. Let u be 12/15*(-20)/l. Let z = 1 - u. What is the highest common divisor of 27 and z?
3
Suppose d = -2*f + 41, 0 = -2*d + 898 - 916. Let a(v) = -v**3 + v**2 - v + 225. Let t be a(0). What is the highest common divisor of f and t?
25
Let d be ((-30)/5)/((-12)/40). Let w = 92 - 42. What is the highest common factor of w and d?
10
Let q be ((-3)/2)/(3/(-4)). Let m(a) = -7*a - 82. Let u(o) = -9*o + 6. Let h be u(2). Let x be m(h). Calculate the highest common divisor of q and x.
2
Let a = 191 - 109. Let r = a + -46. What is the highest common factor of 12 and r?
12
Suppose n + 2*z + 5 = -4, -5*z - 25 = 3*n. Let d be 2/6 - n/3. Suppose 10 = d*u, -2*y - 3*u = -14 - 17. Calculate the greatest common divisor of y and 40.
8
Let l = 200 + -163. Calculate the greatest common divisor of 407 and l.
37
Suppose 3*u - 33 = 3*p, 2*p = -0*u - 4*u + 26. Suppose -15*q + 64 - 4 = 0. Calculate the highest common divisor of q and u.
4
Let l = 1844 + -1304. Suppose -11*c + 7*c + l = 0. Suppose g - d - c = 0, 5*g + 2*d = 389 + 286. What is the greatest common divisor of g and 15?
15
Let j = -156 + 157. Let i(k) = -k + 2. Let t be i(-5). What is the highest common factor of j and t?
1
Let n = 462 - 438. What is the greatest common divisor of 120 and n?
24
Let i = 35 - 28. Let v be ((-19)/2)/(i + 43/(-6)). What is the greatest common divisor of v and 76?
19
Let z = -43 + 107. Let p = 31 + -4. Suppose -4*q + 5*c = -2*q - p, 5*q + c = 81. What is the highest common divisor of q and z?
16
Let f(r) = -2*r**3 + 2*r**2 + 12. Let v be f(-3). Calculate the greatest common factor of v and 112.
28
Let l be (-56)/12*9/(-6). Let w = l + 15. What is the greatest common divisor of w and 33?
11
Let o = -21 - 34. Let a = -39 - o. What is the greatest common divisor of 24 and a?
8
Let s = -24 + 25. Let x(z) = -z**2 - 7*z + 1. Let p be x(-7). Calculate the greatest common factor of s and p.
1
Let x(c) = -18*c + 5 + 7*c + 10*c. Let w be x(0). Let d = 1 - -9. What is the highest common divisor of w and d?
5
Let m(a) = -a**3 - 10*a**2 + 8*a - 13. Let c be m(-11). Let t be (-47)/(-9) - (-10)/(-45). Calculate the highest common divisor of t and c.
5
Let d be ((-70)/21)/(35/(-336)). Calculate the greatest common divisor of 352 and d.
32
Let p(t) = -t**2 + 20*t - 46. Let x be p(3). What is the highest common divisor of x and 25?
5
Suppose -4*d + 3*g = -0*g - 179, 180 = 5*d + 5*g. Let q = d - 32. Let l(y) = y**2 - y + 3. Let r be l(3). What is the highest common factor of r and q?
9
Suppose 0 = -11*u + 7*u + 156. Calculate the highest common factor of u and 65.
13
Let t = -6 + 10. Suppose 200 = 2*k + 3*i + 171, -5*k = -i - 47. Calculate the highest common factor of k and t.
2
Let b(i) = 9*i + 93. Let t be b(16). What is the highest common divisor of t and 6?
3
Let r(y) = -y**3 + 5*y**2 + 8*y + 2. Let q be r(6). Let u be (4/(-6))/(4/(-174)). Let z = u - q. Calculate the highest common factor of z and 165.
15
Let b = 13 - -2. Let i be ((-5)/(-2))/(((-2)/8)/(-1)). Calculate the highest common divisor of i and b.
5
Suppose -7*z = -17*z + 880. Calculate the greatest common factor of z and 44.
44
Let a = 353 + 887. What is the highest common divisor of a and 80?
40
Let q(k) = 8*k - 20. Let o be q(8). Suppose -5*l = -l - 104. Let s = o - l. What is the highest common factor of s and 198?
18
Let l be -5*(-1 + (-17)/5). Let x = 370 + -216. What is the greatest common factor of l and x?
22
Let n be ((-58)/29)/(8/(-6))*1734. Calculate the highest common divisor of n and 51.
51
Let a = 427 - -137. What is the greatest common factor of 12 and a?
12
Suppose -4*d = -20, 2*d - 3 = 3*f - d. Let g be (14/(-4))/(f/(-16)). Calculate the highest common factor of g and 7.
7
Let s = 48 - -22. Suppose s = u + 4*u. Let n = u + -13. Calculate the greatest common factor of 3 and n.
1
Let c(r) = -r**2 - r - 35. Let w be c(0). Let n be ((-16)/(-6))/(-1*(-8)/12). Let v be 1/4 - w/n. Calculate the highest common factor of 99 and v.
9
Let p be (-3)/6 - ((-1385)/10 - 5). Let k = -28 + 41. What is the greatest common divisor of p and k?
13
Suppose -5*l + 365 = -k - 258, 5*l + 4*k = 608. Suppose 6*y = -10 + l. What is the greatest common factor of y and 133?
19
Suppose -28*g + 22*g + 936 = 0. Let l = -111 + g. Calculate the greatest common divisor of 9 and l.
9
Suppose 38 = 5*z - 3*b, 5*z + 0*b - 42 = 2*b. Let q be (-2 - -1) + (16 + -6 - -3). Let d = 22 - q. What is the greatest common factor of d and z?
10
Suppose -4*y - 25*f = -21*f - 212, 3*y - 3*f - 141 = 0. What is the highest common divisor of 20 and y?
10
Let t be 65/2 + (-1)/(-2). Let r = 22 - 17. Suppose 2*x = -5*u + 64, x + 108 = 5*x + r*u. Calculate the highest common divisor of x and t.
11
Let m be (-390)/(-4) - ((-408)/16)/17. Calculate the greatest common factor of m and 561.
33
Suppose 0 = -t + 45 - 21. Calculate the greatest common factor of t and 9.
3
Suppose -4*f - 6*f + 80 = 0. Let a = 42 + -22. Calculate the highest common divisor of a and f.
4
Let i(j) = j**2 - 2*j - 1. Let f be i(-9). Let t be 15 + (-4)/(-12)*-3. Calculate the highest common factor of f and t.
14
Suppose 3*v + 4*g = 61, 0 = 9*g - 28 - 8. Let m = -10 - -16. What is the greatest common factor of v and m?
3
Suppose 0 = -8*g + 40 - 24. Suppose 12 + 76 = g*t. Calculate the greatest common divisor of t and 44.
44
Let s(v) = v - 17. Let z be s(19). Suppose -4*o + 122 = 2*f, -z*f = -4*f + 6. Calculate the highest common factor of o and 174.
29
Let j = -22 + 69. Let w be ((-47)/(-1))/(36/252). What is the highest common factor of w and j?
47
Suppose 26*f - 252 = 22*f. Calculate the highest common factor of 63 and f.
63
Let z = -12 + 22. Suppose -3*r = 2*n - 5, 0*r - 10 = r + 3*n. Suppose -z + 0 = -r*o. What is the greatest common factor of 22 and o?
2
Suppose -b = -4*o + 3 + 9, -o = -b. Calculate the greatest common divisor of b and 1.
1
Let r = 1174 + -1064. Calculate the highest common factor of r and 264.
22
Suppose 2*y + 2*y - 64 = 0. Let a = y - 1. What is the highest common divisor of a and 15?
15
Let a(y) = y**3 + 10*y**2 - 19*y - 72. Let p be a(-11). Calculate the highest common divisor of 1648 and p.
16
Suppose -5*h + 5*f + 152 = -508, -5*f - 531 = -4*h. What is the greatest common divisor of 172 and h?
43
Suppose -5*k - 188 = -3*x, -2*k = 4*x - 4*k - 260. Calculate the greatest common factor of 44 and x.
22
Let y(a) = -9*a + 165. Let f be y(0). What is the highest common divisor of f and 15?
15
Let o(q) = -q**2 - 5*q + 4. Let c be o(-5). Suppose c*v = 3*y - 79, 4*y - 98 = -4*v + 2*v. Calculate the highest common factor of 5 and y.
5
Let q(a) = -59*a + 437. Let i be q(7). What is the highest common factor of i and 78?
6
Let v(a) = -a**2 - 14*a - 7. Let c be v(-11). Calculate the greatest common divisor of 169 and c.
13
Let m(q) = 4*q**2 + 12*q - 68. Let n be m(-12). Calculate the highest common divisor of n and 28.
28
Let x(o) = 4 - 5 + 0*o + 2 - o. Let m be x(-4). Let p(v) = -v**3 - 3*v**2 + 10*v + 15. Let u be p(-5). Calculate the greatest common factor of m and u.
5
Let f be (3/(-2) + 2)*174 - -1. What is the highest common factor of f and 363?
11
Let w = 139 - 137. Let b be (w - -28) + 9/(54/24). What is the greatest common factor of b and 136?
34
Suppose -3*i + 207 = 15. Let r(m) = 5*m - 4*m + 12 + 3 + 0*m. Let p be r(-7). What is the greatest common factor of p and i?
8
Suppose -47 = -2*r + 37. What is the greatest common factor of 609 and r?
21
Let o be (-2)/11 - (-19)/(2508/49920). Calculate the highest common divisor of o and 42.
42
Let b(p) = -6*p**3 - 3*p**2 - 4*p - 1. Suppose -3*h - 2*d = 9, h + 4*d + 10 = -3. Let a be b(h). What is the highest common factor of a and 2?
2
Let g be 3 - 4 - (-4)/((-12)/21). Let b(o) = 13*o - 1. Let w be b(1). Let p = g + w. Calculate the greatest common divisor of p and 44.
4
Suppose -61*q = -63*q + 1450. Calculate the h